 + 5*v(t). Is z(-1) a composite number?
True
Is (-1 + 183866 - 15/(8 + -23)) + 3 a prime number?
False
Let s(x) = 14 + 44*x**2 - x**3 + 19 + 2*x + 8. Is s(18) prime?
True
Let j(k) = 4*k**3 + 6*k**2 - 17*k - 1. Let u be j(13). Let z = u - 5406. Is z composite?
True
Suppose 4*u - 6*l = 100823 + 31655, u - 33123 = 2*l. Is u composite?
True
Is 39/(-26)*(-4)/9 + (-2412340)/(-12) prime?
False
Suppose 2*h = -b - 1334, -2*b - 3*b - 5*h = 6645. Suppose -2*a - 525 = 3561. Let z = b - a. Is z a composite number?
False
Let h(y) = -9*y**3 - 5*y**2 - 5*y - 10. Let c be h(-5). Suppose -3*t - 2*t = c. Let w = 48 - t. Is w a prime number?
True
Suppose 2*a - 602214 = 4*b, 5*a - 2*b - b = 1505591. Is a prime?
True
Let u(h) = 3*h**2 + 33*h - 41. Suppose 5*i + k - 99 = 0, 5*i - 96 = -12*k + 8*k. Is u(i) composite?
True
Let w(y) be the second derivative of y**4/12 + 25*y**3/6 + 27*y**2/2 + 10*y. Let a be w(-24). Suppose a*g - 2633 = 28. Is g prime?
True
Suppose 0 = 2*n - 6, -3*h = -4*h + 4*n - 9. Let b(j) = 319*j**2. Let i be b(3). Suppose i = h*p + 6*p. Is p prime?
False
Is (1*-4)/(44/(-611369)) a prime number?
True
Let d(a) = 71*a**2 + 7*a - 7. Let h = -542 - -544. Is d(h) a composite number?
True
Is 6/(-140)*-14 + 787334/10 a composite number?
True
Is 3 + (((-78)/30)/13 - 1549923/(-15)) a composite number?
True
Suppose k - 4*u = 1398271, -5*k + 6991241 = 16*u - 17*u. Is k a composite number?
False
Let p = 11964 - 5334. Let x = p + -3447. Is x prime?
False
Let y be (78/(-36) - -3 - 5)*-6. Suppose 20*b = y*b - 77705. Is b a composite number?
False
Let s(r) = -49*r - 209*r + 59 - 262*r. Is s(-12) a composite number?
False
Let t = 1732 - -5950. Let g = t + -4305. Is g a prime number?
False
Suppose 0 = -36*z + 41*z - 55. Is ((-288272)/(-88) - (-2)/z) + 1 a composite number?
True
Suppose -2*d - 2*a = -110024, 5*d - 275033 = -212*a + 216*a. Is d composite?
False
Suppose 9*q - 1799275 = -556771. Suppose -39*u + 47*u = q. Is u a prime number?
True
Let d(u) = 2*u + 5. Let c be d(5). Let z(h) = h**2 - 13*h - 20. Let b be z(c). Let l(a) = 88*a + 25. Is l(b) a prime number?
False
Suppose m + 1 = -y, -3*y = -0*y + 2*m. Suppose 1527 - 471 = y*p. Suppose w - p = -3*o, -w + 0*w - 711 = -4*o. Is o composite?
True
Suppose 0 = 20*n - 17*n - 12. Suppose 0 = n*g - u - 2, 0*u + 4*u = -3*g - 8. Suppose -25*o + 27*o - 3314 = g. Is o a prime number?
True
Is (-4)/(-9) + 4 + 3/((-54)/(-30682)) composite?
False
Let j be (-2)/(-5)*(40 + 15). Let c = -16 + j. Is c/(-9)*8826/(-4) a prime number?
True
Let o = -181039 + 332130. Is o composite?
False
Suppose -170111432 = -188*h + 107907912 + 12332180. Is h composite?
False
Suppose -2*m - m = 30. Let z(c) = 9*c**2 + 2*c + 8. Let n be z(m). Suppose -2*l + 3418 + n = 0. Is l a prime number?
True
Suppose -2 + 18 = -3*n + 5*d, 0 = d - 5. Suppose n*c + 24 - 33 = 0. Suppose 7*y = c*y + 76. Is y a composite number?
False
Let b(a) = 30*a**3 - 49*a**2 + 44*a + 229. Is b(20) prime?
True
Let m(y) = -1567*y + 18. Suppose 0 = -35*d + 23*d - 12. Is m(d) prime?
False
Let n = 333721 - 108290. Is n composite?
False
Suppose 6*p + 8*p = -30*p + 2905804. Is p prime?
True
Let x(s) = 74*s**2 + 228*s + 299. Is x(38) a prime number?
False
Let j be 152097/(-99)*3/(-1). Suppose -2*z + 13*z - j = 0. Is z a prime number?
True
Let q(r) = r + 8. Let a be q(-8). Suppose a = -29*x + 26*x + 2757. Is x prime?
True
Suppose -579*v = -h - 581*v + 134913, 0 = 2*h + 3*v - 269819. Is h composite?
True
Let c(r) be the second derivative of r**3/2 + 717*r**2 + 18*r. Let z be c(0). Is (2/(-6))/((-6)/z)*3 composite?
False
Let j(y) = 2*y + 5. Suppose 5 + 27 = -4*o. Let z be j(o). Is (-10 - z)/((-1)/(-863)) a prime number?
True
Let u(a) = 272*a**3 - a**2 + a. Let h be u(1). Let y be -99*(h/(-12) + 1). Suppose 0*i = -2*i + g + y, -2*g + 4294 = 4*i. Is i a prime number?
False
Suppose -4*u = 3*g - 4364387, 3*g - 36*u - 4364391 = -39*u. Is g a composite number?
False
Let t(s) = 128*s**3 - 3*s**2 - 9*s - 12. Let c be t(-2). Suppose 4*u = -5*h - 2157, -8 + 2 = -2*h. Let g = u - c. Is g a prime number?
True
Suppose -q + 12 = -r - 2*r, q - 2*r - 7 = 0. Let d be 235 + (-1)/(q/(-9)). Is ((18/4)/3)/(6/d) prime?
False
Let k = 110 - 112. Let c(a) = -538*a + 6. Is c(k) a prime number?
False
Let j = 86388 + -34849. Is j composite?
False
Suppose -29*k + 91 = 352. Is (-70)/(-270)*4857 + 2/k a prime number?
True
Suppose -c - 2*f + 21433 = 0, 12*f - 21433 = -c + 15*f. Is c prime?
True
Let h(z) = -z - 3. Let j be h(-7). Suppose 4*f - 451 = -j*g - f, 0 = -2*g - 4*f + 218. Is g/(-34)*(-1 + -193) a composite number?
True
Let t = -536 + 1608. Suppose -7*g = g - t. Let p = g - 25. Is p a composite number?
False
Suppose -r + 14 = r. Let h(b) be the third derivative of 17*b**4/24 + 5*b**3 - 149*b**2. Is h(r) composite?
False
Let h(y) = -3*y**2 + 34*y - 47. Let w be h(9). Is 11474/(2*1)*(-15 + w) prime?
True
Let m be 0*3/(3 - 0). Let f(j) = -6*j**3 - j**2 - 2*j - 263. Let a(w) = -5*w**3 - w**2 - 2*w - 261. Let x(n) = -5*a(n) + 4*f(n). Is x(m) a prime number?
False
Let l = 18535 + 210294. Is l prime?
True
Let c = -237319 + 517928. Is c prime?
False
Let p(m) = 1230*m**2 + 421*m - 4963. Is p(12) a composite number?
False
Suppose t = 4*t - 6. Let l be -16*-2*(-5)/(-40). Suppose -x = -t*j - 197, -4*x = -0*x + l*j - 752. Is x composite?
False
Let a = -2355 + -1851. Let t = -1607 - a. Is t prime?
False
Is 1/15 - 45770732/(-3570) a prime number?
True
Suppose -12*q + 136 = 5*q. Is 2070634/68 + (-4)/(q/3) a composite number?
False
Suppose -9 = 5*d - 19, -y + 2*d = -770. Is (-1 - (0 - y))/((-16)/(-80)) a composite number?
True
Let f be (16/40)/(2/95). Suppose 8*k = 9*k + f. Let g(n) = -8*n + 39. Is g(k) composite?
False
Let x(s) = 49*s**3 - 2*s**2 - 10*s + 7. Let c(h) = 25*h**3 - h**2 - 5*h + 4. Let w(v) = 7*c(v) - 4*x(v). Let m be w(-8). Is (3/12)/(6/m) prime?
True
Suppose 0 = -3*g - 2*i + 4*i - 29, 2*g = -i - 31. Let t be (-39)/g + (-2)/(-2). Suppose 12*a + m = 7*a + 2423, 3*a - t*m = 1463. Is a composite?
True
Is 48831/(((-216)/(-16))/9) - -5 a prime number?
False
Suppose 0 = 5*s + 15, -18 = 4*m - s - 53. Suppose m*i - 10*i - 5*y = -1114, -2785 = -5*i + 5*y. Is i prime?
True
Suppose 81*b + 1451696 = 97*b. Is b composite?
False
Suppose 27*h - 59162 = -0*h + 137857. Is h a composite number?
False
Suppose -3*k + 202 = 3*z + z, -4*k + 57 = z. Suppose z*i - 25*i - 56136 = 0. Is i a composite number?
False
Suppose -15*p + 13*p - 14 = 0. Let f(g) = -2*g**3 + 2*g**2 + 6*g - 9. Is f(p) a prime number?
True
Let k(p) = 4*p - 153. Let y be k(38). Is y + (11035 - (4 + 3)) composite?
False
Suppose -3*f + 6*f + 45 = 0. Is 6/10 - 74496/f a prime number?
True
Let k = 755548 - 474485. Is k prime?
True
Let b(h) = h**2 - h - 5. Suppose -6*v + 4*v = 0. Let w be b(v). Is (w/((-70)/21))/(3/92) prime?
False
Is 20/14 - (-24063126)/238 prime?
True
Let p(c) = 288*c + 4. Let v be p(-2). Let y(k) = -57*k + 366. Let b be y(-9). Let n = v + b. Is n prime?
True
Let g = -74 + -19. Let v = 95 + g. Suppose 0*c + 4*c - v*w - 2668 = 0, 5*w - 3335 = -5*c. Is c composite?
True
Let a(g) = -g**3 - 2*g**2 - 7. Let p be a(-3). Is (-9 + (-3005)/10)/((-1)/p) composite?
False
Suppose 13*n - 174430 - 194367 = 0. Is n a composite number?
True
Let u(t) = t**3 - 38*t - 6. Let c be u(-6). Suppose 0 = -4*b - 8, 4*a + c*b - b - 6034 = 0. Is a a prime number?
True
Let h = -23 - -26. Suppose 2*t - 554 = h*v + 946, -3*t - v = -2261. Is t a prime number?
False
Suppose -2865*x + 2860*x + 81595 = 0. Is x a composite number?
False
Let z(v) = -9*v**2 + 32*v + 10*v**2 + 5 + 11 - 34*v. Suppose -2*t + 11 = -t. Is z(t) prime?
False
Suppose 4*s + 44*t - 40*t - 725456 = 0, 181358 = s - t. Is s prime?
True
Suppose h = 20 - 29. Is 4791/h*(-37 - -4) prime?
False
Let r = 42 - 40. Let w be ((-141)/r)/(12/(-1848)). Suppose w + 2492 = 7*o. Is o a composite number?
False
Suppose 3*d + 2*u + 107 = 3668, u = -5*d + 5949. Is d prime?
False
Let o be 10/4*(-5 + (-186)/(-30)). Suppose -4 = a + 1, -o*s + 3*a + 27 = 0. Is (-5436)/(-8) - 2/s prime?
False
Suppose 5*m + 25 = -20. Let r(t) = -236*t + 35. Let g(a) = 949*a - 138. Let y(d) = 2*g(d) + 9*r(d). Is y(m) a prime number?
False
Let a(s) = 63*s**3 - 2*s**2 + s + 1. Let n(p) = 251*p**3 - 9*p**2 + 4*p + 5. Suppose 5 = t - 4. Let l(f) = t*a(f) - 2*n(f). Is